 - 6*j - 4. What is w(f)?
4
Let z(i) = 3*i + 5. Suppose 5*o - 27 = -4*c - 8, -2*o = c - 7. Let u(v) = 2*v + 5. Let w(l) = o*z(l) - 4*u(l). Give w(4).
-1
Let c(z) = -4*z. Suppose 17 = w + 2*p, -2*p + 62 = 3*w + w. Let t = w + -11. Suppose -4 = t*v - 0. What is c(v)?
4
Let d(b) = -b - 2 + 9*b + 7. Let j(z) = z. Let p(q) = d(q) - 6*j(q). Calculate p(-4).
-3
Let a(h) = h - 1. Suppose 2*v - 8*v + 30 = 0. Let x = v + -8. Give a(x).
-4
Let g(c) = -c**3 + 3*c**2 + 2*c - 3. Let r be (-24)/(-15) - 2/(-5). Suppose 5*w - 22 = -3*v, 5*v + r*w - 12 = 6*w. What is g(v)?
-11
Let c(h) = 5*h + 3. Suppose 2*n - n = -2*r - 8, -2*r + 4*n - 8 = 0. Give c(r).
-17
Let a = -33 - -53. Suppose 0 = -5*z - 3*d + 25, d - a - 5 = -5*z. Let k(t) be the first derivative of -t**4/4 + 4*t**3/3 + 5*t**2/2 + 3*t + 1. Determine k(z).
3
Let q(a) = a**2 + 10*a + 12. Let j = 37 - 46. Give q(j).
3
Suppose -4*p + 2 = 18. Let r(h) be the first derivative of 3*h**2/2 + 1. Give r(p).
-12
Let s be 1 - ((5 - 2) + -2). Let k(h) = -5*h - 3. Let d(v) = 0*v + 0*v + v + 2 + 3*v. Let x(c) = 4*d(c) + 3*k(c). What is x(s)?
-1
Let q(y) = y**2 + 5*y + 4. Let c(s) = s + 6. Let x(o) = 2*o + 11. Let d(g) = -7*c(g) + 4*x(g). Let z be d(-6). Determine q(z).
0
Let z = 5 - 3. Suppose z + 3 = -5*w. Let u(v) = -2*v - 4*v**3 + 1 + v**3 + 4*v. Give u(w).
2
Let t(q) = -q**3 + 6*q**2 + q - 1. Let s be t(6). Suppose 2*p + 0*p = -5*x + 12, -4*x + 3 = -s*p. Let w(o) = -o**3 + 3*o**2 - 2*o - 1. Determine w(x).
-1
Let t(b) = -b + 3 + 5 - 3. Determine t(6).
-1
Let b = 2 - -1. Let w(j) = -2*j**3 + j**3 + 2*j**3 + 3*j**2 + 3*j - 2*j**b. What is w(4)?
-4
Let f be -1 + 6 - 18/6. Let q(u) be the first derivative of -3 + 5*u + 1/2*u**f. Give q(-5).
0
Suppose q + 36 = 7*q. Let r(a) = -a - 1 + 0*a + q*a - 7*a. Give r(-1).
1
Let j(b) = 12*b - 5 - b**2 - 4*b + 0 - 2. Determine j(8).
-7
Suppose 3*j + 6 = -0*j. Let q be (-4)/(-24)*3*j. Let f(m) = -16*m**3 + m**2 + m. Determine f(q).
16
Let u(n) be the first derivative of -n**3/3 + 3*n**2 + 11*n - 1. Calculate u(8).
-5
Let u(f) = 9*f + 1 - 26*f + 9*f + 7*f - 21*f**3. What is u(1)?
-21
Let g(r) be the third derivative of r**6/120 + r**5/30 - r**4/12 - r**3/2 - r**2. Let f = 1 + 2. Suppose -5*p = -3*t + 7, -f*p = p - t + 7. Determine g(p).
1
Let v(m) be the first derivative of m**5/120 + m**4/8 + 2*m**3 - 6. Let x(h) be the third derivative of v(h). Give x(3).
6
Let o(z) = -3 - 3*z - 3*z**3 + 4*z**3 - z**2 + 5*z**2. Let b(h) = -h**3 - 30*h**2 - 29*h - 4. Let k be b(-29). Determine o(k).
9
Let j(f) be the first derivative of f**3/3 + f**2/2 - f + 1. Let n(k) = k**3 - k**2 - 4. Let z be n(2). Let b be j(z). Let u(d) = -4*d. Give u(b).
4
Let u be 0/(((-8)/18)/((-4)/18)). Let l(j) = j**2 + 3*j**3 + 0 - 2*j**3 - 5. What is l(u)?
-5
Let y(u) be the second derivative of -u**6/360 + u**5/60 + u**4/8 - 5*u**3/6 + 4*u. Let f(n) be the second derivative of y(n). What is f(-2)?
-5
Let m = -1 - -6. Let x(j) = j**3 - 5*j**2. Give x(m).
0
Let r(l) be the second derivative of -l**5/20 - l**4/2 + 4*l**3/3 + 10*l. Determine r(-7).
-7
Let h(d) = -12*d - 4. Let j be h(-5). Suppose 3*m = o - 2*o + 32, 5*m - j = -3*o. Let w = m + -5. Let p(n) = n**3 - 5*n**2 + n. Determine p(w).
5
Suppose 2 = -8*f + 10*f. Let c(j) = 3*j**2 + 0*j - 5*j - j**3 + 4*j. Give c(f).
1
Let o(c) be the first derivative of c**4/4 + c**3/3 - c**2/2 + 4*c + 7. Suppose a = 3*a. Give o(a).
4
Suppose -a + 2 = 2*n - 3, 2*a = 5*n - 26. Suppose 3*p = 2*p + 2. Let w(v) = 6*v - 3*v - 2*v**2 + 6*v**2 - 4 - 3*v**p. Determine w(a).
-4
Suppose 2 + 1 = -3*y. Let x(o) be the second derivative of o**4/3 - o**3/6 - o**2/2 - 2*o. Calculate x(y).
4
Let j(f) be the first derivative of -2*f**3 + f**2/2 + 35. Give j(1).
-5
Let k(p) = -p**2 + 6*p - 3. Let v be k(4). Let s(t) = t**3 - 5*t**2 - 2*t + 6. Determine s(v).
-4
Let k(m) = -1. Let w(a) = 4*a**2 + 2*a - 3. Let j(n) = -2*k(n) + w(n). Let i(x) = -2*x - 7. Let q be i(-8). Suppose -s = 3*p, -3*p + 2*s + 0 = -q. What is j(p)?
5
Let s(o) be the first derivative of 2*o**3/3 + 3*o**2 + 2*o + 9. Determine s(-4).
10
Let j(l) = l**2 + 5*l. Suppose 0 = 3*n + 2*n - 30. Let r be (-18)/(-2)*n/(-9). What is j(r)?
6
Let m(q) = -2*q**2 + q**2 - 2*q + q**2 + 7*q**3 - 1 - 2*q**2. Let u = -4 - -3. What is m(u)?
-8
Suppose -5*f - 4 = -14. Suppose 2*n - 2 = -0*u - 2*u, f*u + 5*n = 14. Let j(o) be the third derivative of o**5/60 + o**4/24 + o**3/6 + o**2. Calculate j(u).
7
Let n(h) be the first derivative of -h**3/3 - 3*h**2/2 - 5*h + 4. Determine n(-4).
-9
Suppose -3*c + 7*c - 36 = -4*d, 4*d = -3*c + 28. Let x(l) = c*l - l - 3*l - 3 + 0*l + l**2. Give x(-5).
2
Suppose 48 = -4*a + 4. Let o(n) = n**2 + 12*n + 11. What is o(a)?
0
Let f = 2 - 3. Let l = f + -5. Let i = l - -3. Let p(z) = -2*z. Give p(i).
6
Let d(z) be the second derivative of -z**3/3 - 2*z**2 - 16*z. Calculate d(-4).
4
Let n(f) be the second derivative of f**4/6 + f**3/6 + f**2 + 8*f. Calculate n(-3).
17
Let l(a) = -5*a + 2. Let d = 1 + -1. Let r = -35 + 38. Let q = d + r. What is l(q)?
-13
Let n(y) = y**3 - 6*y**2 + 3*y - 3. Let x(m) = m**3 - m**2 + 4*m - 7. Let g be x(2). What is n(g)?
-13
Let o(k) = -k**3 + k**2 - k + 10. Let b = 64 + -64. Calculate o(b).
10
Let u(f) be the third derivative of -3*f**4/8 - f**3/6 - 10*f**2. Determine u(2).
-19
Suppose -2*j - j - 9 = 0, -j = 4*i + 23. Let v(g) = -g**3 - 175*g**2 - 2*g + 3 + 1 - 1 + 170*g**2. What is v(i)?
13
Let j(b) = b**2 - b + 2. Suppose 5*s = 11*s - 18. What is j(s)?
8
Let s(f) = -f**3 + 3*f**3 - 9*f - f**3 + 10*f. Give s(1).
2
Let f(b) = -25*b**2 + 2*b - 1. Let x be f(1). Let l = -25 - x. Let z(d) be the second derivative of d**4/12 - d**2/2 + d. Give z(l).
0
Let m(o) = -o. Let l be m(5). Let t = l + 5. Suppose 2*x + t*i = -2*i, 9 = -2*x + i. Let z(h) = -h - 4. Give z(x).
-1
Let z(s) = -s**3 - 6*s**2 - 2*s - 7. Suppose 1 = h, -3*o = 3*h + 5 + 1. Let t be 2 - (4 + o - 0). Suppose -7 = k - t. Determine z(k).
5
Let b be 128/60 - (-4)/(-30). Let n = b - 3. Let u(h) = 6*h**3 + 2*h**2 + 2*h + 1. Determine u(n).
-5
Let i(o) be the first derivative of -o**7/840 - o**6/90 - o**4/6 + o**3/3 - 3. Let j(u) be the third derivative of i(u). Let b = -8 + 4. Determine j(b).
-4
Suppose -3*v = 3*k + 7 - 28, 3*k - v - 1 = 0. Let u(l) = l**3 - 3*l**2 + 3*l - 2. Let r be u(k). Let g(t) = -t**2 - t + 7. What is g(r)?
7
Let i be -3 - (2 + -1) - -2. Let r(q) = -4*q**2 - q + 2. Calculate r(i).
-12
Let o = -13 - -12. Let k(d) = -5*d**3 + d + 1. What is k(o)?
5
Let o(d) = 7*d**2 - 1. Let t be o(1). Let i = -5 + t. Let a(l) = -6*l**2 + 5*l - 1. Let b(q) = 12*q**2 - 9*q + 2. Let k(c) = 5*a(c) + 3*b(c). What is k(i)?
5
Let t(g) = 4*g + g**2 - 5*g + g**3 + 224 - 220. What is t(-3)?
-11
Let p(s) = -s + 6. Let n(x) = x - 6. Let h(c) = -4*n(c) - 3*p(c). Let u be h(7). Let f(a) = -a + 3*a + 0*a - 5*a**3 + 2*a**2 + 1. Give f(u).
6
Let y(z) = -z**2 + 415 - 411 - 4*z + 0*z. Calculate y(3).
-17
Let r = -3427/120 + 143/5. Let m(l) be the third derivative of -2*l**2 + 1/60*l**5 + 0*l + 0 - 1/120*l**6 - 1/3*l**3 - r*l**4. Give m(0).
-2
Let b(k) = -7*k**2 - 5*k + 3. Let u(q) = 3*q**2 + 3*q - 1. Let l be 4 + 0 + 2/(-1). Let f(x) = l*b(x) + 5*u(x). Calculate f(-4).
-3
Suppose -5*g + 28 = 133. Let i = g - -20. Let a(x) = -5*x**2 - 2*x. Let h(b) = -b**2 - b + 1. Let m(s) = -a(s) + h(s). Give m(i).
4
Let n be 0 + (-16)/(-6) - 72/108. Let z(x) be the third derivative of 0*x + 0 - 2*x**n - 1/24*x**4 - 1/60*x**5 - 1/6*x**3. Calculate z(-2).
-3
Let b(w) = -w**2 + 2*w - 2. Let j(k) be the second derivative of -k**5/20 - 7*k**4/12 + k**3/6 + 9*k**2/2 - 3*k. Let f be j(-7). Determine b(f).
-2
Suppose -8 = -15*z + 11*z. Let w(j) = -3*j + 2. Give w(z).
-4
Suppose -17 = -5*q + 3. Suppose 3*t - 3*d - 12 = -6*d, -t - 4 = 5*d. Let p(w) = -q + t - w - 1 - 7. Determine p(-5).
-1
Let g = -14 + 17. Let q(a) = -2*a**2 + 2*a - 1. Calculate q(g).
-13
Let d(k) be the second derivative of -k**3/2 - k**2/2 - 60*k. Give d(-1).
2
Suppose 0 = -4*k + 4, 2*k + 8 = -0*a - 2*a. Let b(t) be the third derivative of -t**4/24 - t**3/3 + 9*t**2. Give b(a).
3
Let b = -11 - -19. Let n(c) = -11*c + 18. Let o(f) = -4*f + 6. Let k(h) = b*o(h) - 3*n(h). Determine k(5).
-1
Let l(u) = 2*u + 1. Suppose 17*w = 10*w + 21. What is l(w)?
7
Let o(a) = -6*a + 12. Let v be o(2). Let b(d) be the